 = 9559 + w. Is z a composite number?
False
Let u = 143781 - 90100. Is u a prime number?
True
Suppose 14*s - 12831 - 4207 = 0. Is s a prime number?
True
Let u(m) = -m**2 + 2*m + 3. Let k be u(0). Suppose 3*q + 0*q = -3*p + 4383, -k*q + 2*p + 4393 = 0. Suppose 0 = 3*o - q - 550. Is o a prime number?
False
Let y = 115 + -114. Is 5 + 5451 - (-5)/y a prime number?
False
Let p(x) = -1055*x + 1337. Is p(-22) a composite number?
False
Suppose 0 = 40*c + c - 164. Suppose 9*d - 2*f = c*d + 23763, 19024 = 4*d - 5*f. Is d composite?
False
Suppose -471367 + 97357 = 15*h. Let m = h - -35201. Is m a prime number?
True
Let a = 3468 - -463. Suppose 0 = 5*g - 0*y - 2*y - a, 0 = -5*g + y + 3933. Is g a prime number?
True
Let w be 5 + (-320 + 3)*-1. Suppose -4*b + w = -2474. Is b composite?
True
Let g(s) be the third derivative of -s**6/120 + s**5/20 - s**4/24 + s**3/6 + 13*s**2. Let v be g(2). Suppose 3*a = -3*i + 2*a + 2856, -a = v. Is i prime?
True
Suppose -3*i - 235 = -8*i. Let g(j) = j**3 + 8*j**2 - 6*j - 28. Let c be g(-6). Let k = i + c. Is k prime?
True
Suppose -413 = -2*v + 3*z - 1152, v - 2*z + 372 = 0. Suppose 4*p - 3*r = p - 333, 2*p = -3*r - 212. Let f = p - v. Is f prime?
False
Let d be 518/111 - (-4)/(-6). Is (7554/d)/((-57)/(-38)) prime?
True
Suppose 0 = 5*a + 2*x - 11054063, 671*a + 2210845 = 672*a + 4*x. Is a a prime number?
False
Let j = -342310 - -479969. Is j a prime number?
True
Let z = -113 + 124. Suppose -7*f + z*f = 14636. Is f a composite number?
False
Is 3 - 110/20 - (-38412)/8 a composite number?
False
Let l = 32651 + -21768. Is l composite?
False
Is (1 - 2)*2 - (-60708 + 56/(-8)) composite?
True
Let k(p) = 114*p**2 + 8*p - 5. Let q(w) = -227*w**2 - 17*w + 9. Let o(i) = 5*k(i) + 2*q(i). Is o(5) a prime number?
False
Let z(n) = 109*n**2 - 1487*n + 41. Is z(-39) a prime number?
True
Let g(l) = 6141*l**2 + 295*l + 3503. Is g(-12) a composite number?
False
Suppose -c + 5*g + 1 = -4, g = -4*c - 1. Suppose -5*u + c*u - 2*i + 1105 = 0, 3*i = 2*u - 461. Is u a prime number?
True
Let i(r) be the first derivative of r**4/4 + 17*r**3/3 + 5*r**2/2 + 9*r - 1. Let y = -1075 + 1063. Is i(y) a composite number?
True
Let v(p) = -p**3 + 21*p**2 - 20*p - 14. Let r be v(23). Suppose -7*q - 8971 = 14654. Let g = r - q. Is g prime?
False
Let r(u) = 454*u**2 - 14*u - 82. Let b be r(-10). Suppose -27*g - b = -41*g. Is g a prime number?
False
Let h(q) = 670*q + 183. Is h(16) a composite number?
False
Is (-72)/4 - 20069350/(-70) composite?
False
Suppose 5*l + r - 2072088 = 0, r = -l - 3*r + 414429. Is l a prime number?
False
Let s be 121788/119*(-7)/(-1). Let u = -4393 + s. Is u prime?
False
Let d = -8918 - -143821. Is d a composite number?
True
Suppose 2*b = 18, -2*f - 14993 = -b - 247098. Is f prime?
False
Let l = -28 - -46. Suppose -8*h - l = -9*h. Is 0/(-1) + (134 - h/6) composite?
False
Let u be 10/(-55) + (-981)/(-11). Let o be (0 - (-6)/21) + u/7. Suppose 892 = o*j - 9*j. Is j composite?
False
Let b(v) = 3*v**2 - 34*v - 63. Let s be b(13). Let u = -5 - -8. Suppose 7*n + u*y = s*n + 1348, -812 = -3*n - 5*y. Is n a prime number?
True
Let t(c) = 738*c + 9995. Is t(-8) a composite number?
False
Suppose -a - 6168 = -h + 1370, 0 = 3*h - 5*a - 22624. Suppose 4087 = 5*w - h. Suppose -7*p + w = -1785. Is p prime?
True
Let s(i) = i**2 - 2*i - 21. Let d be s(11). Suppose -93*v + 91*v + d = 0. Suppose u - v = -0*u. Is u a composite number?
True
Suppose z - 1 = -0*z. Let s be z + 7/(14/8528). Suppose -h - 4*h = -s. Is h prime?
True
Let b(y) = 25*y**2 + 60*y + 939. Is b(-28) prime?
True
Let j = 56423 - 15852. Is j a composite number?
True
Let b be (-20)/(-170) + (-17404)/(-34). Suppose 5*s - 3*d - 247 = 0, -3*s + 3*d - d + 149 = 0. Suppose b = 5*t + s. Is t composite?
True
Suppose 0 = y - 2*y + 8*y. Suppose y*z + 3 = z. Suppose z*q - 2*l + 80 - 561 = 0, -2*l - 320 = -2*q. Is q composite?
True
Let g = 343 + -343. Suppose g = 9*p - 5652 - 9. Is p composite?
True
Suppose 6*g - 40 = -22. Suppose -5*d - 13 + 1 = -g*h, -5*h + 3*d = -20. Let z(q) = 8*q**3 + 2*q + 1. Is z(h) a composite number?
False
Let v(b) = b + 4. Let t be v(0). Suppose -3*y = -2*h + 584, 4*h - 5*y - 1188 = -t*y. Is h composite?
True
Let a = 1676539 + -671660. Is a composite?
True
Let z(m) = 5*m**2 - 15*m + 19. Let x(o) = 8*o - 35. Let b be x(16). Let s = b - 78. Is z(s) a prime number?
True
Is 1*-4 + 2732540/5 + -30 + 35 a prime number?
True
Let k(s) = 7*s**2 + 5*s + 18. Let u be k(-4). Suppose -116*c + u*c = -50766. Is c prime?
True
Suppose -13 + 10 = -3*k. Let u be (k/(-3))/(-1) - 333/27. Is (-2)/(-6) + (-1040)/u composite?
True
Let v be (-6 + 10)/1 + -2. Suppose -v*o + 122 = -108. Is o a composite number?
True
Let w(r) = r**2 - 4*r. Let y be w(2). Let s be 1/y*2 + (-130)/(-20). Suppose -10*h = -s*h - 6044. Is h prime?
True
Suppose 4153312 + 1337413 = 25*d. Is d a composite number?
False
Let x be (12 - (-2 - 0))*1. Let h(y) = y**3 - 19*y**2 + 16*y - 34. Let p be h(x). Is (p/(-3))/((-22)/(-33)) composite?
True
Let w = -80121 + 235510. Is w composite?
True
Let b(t) = -94*t**3 - 10*t**2 - 31*t - 77. Is b(-26) a composite number?
True
Let g = 106313 - 69880. Is g prime?
True
Suppose 0*g + 272536 = 9*g - 21395. Is g composite?
True
Let d = -2891 - -11790. Is d a prime number?
False
Let c = 264865 + -170882. Is c prime?
True
Suppose -2*n + 16400 = o, 2*o + o + 3*n - 49194 = 0. Let a = o + -9455. Is a a composite number?
True
Let w = 3360 - -2698. Suppose 0 = -4*m - 7*m. Suppose m = 3*a - a - w. Is a prime?
False
Let t = 455418 - 305315. Is t a prime number?
False
Suppose -54 = 34*j - 31*j. Let s be j/(-8) + 2/8*-1. Suppose -156 - 762 = -s*f + 3*d, -4*d - 922 = -2*f. Is f a composite number?
True
Suppose -9*q + 4*q = 0. Suppose -6*l + q*l + 30 = 0. Suppose -5*m - n + 3369 = 0, 2*n = l*m - 3*n - 3345. Is m prime?
True
Let t be 38220/14 - (-2 - (-4 - 2)). Suppose -3629 = -4*y + s, 2*y + y - 5*s = t. Is y composite?
False
Let u = 252 + -248. Suppose 4*s = -z - u*z + 47174, -10 = -5*z. Is s a composite number?
True
Let h(p) be the third derivative of -5*p**4/12 + 59*p**3/6 - 46*p**2. Let s be h(6). Is (4/16 + 2010/(-8))*s composite?
False
Suppose 0 = -10*a + 22895 + 9525. Let v = 3873 + a. Is v a prime number?
False
Suppose 2*t + 5*f - 4*f - 7 = 0, -t + 2*f = -1. Suppose -y + 2*y - 342 = g, t*y + 1375 = -4*g. Let w = g - -534. Is w composite?
False
Let f be 86/(4/(-2)) - (2 - -1). Let u = -55 - f. Let v = 2 - u. Is v prime?
True
Let t(u) = 98*u**2 - 19*u - 50. Let o = -98 + 109. Is t(o) a composite number?
True
Suppose -26*i + 22*i + 5*d = -394499, -5*d - 493120 = -5*i. Is i prime?
True
Let y(v) = 361*v + 118. Let c(d) = 720*d + 237. Let h(j) = -6*c(j) + 13*y(j). Is h(33) a composite number?
False
Let b(a) = -102*a**3 + a**2 + 4*a + 9. Let s be b(-3). Suppose -4*z + 4*f = -s, 5*z + 2*f - 6*f - 3451 = 0. Is z composite?
False
Let w be (-56095)/(-7) - (-36)/84. Suppose 3723 + w = 11*b. Is b composite?
True
Suppose -119*r + 836907 = -26*r. Is r a composite number?
False
Let n(u) = u**3 - 4*u**2 - 7*u + 7. Suppose 5*h = 3*q + 16, 5*h + q = -3*q + 37. Let m be n(h). Is (-3*(-2495)/45)/((-1)/m) composite?
False
Suppose 0 = 11*m - 4*m - 49. Suppose m*a = 4*a + 12. Suppose -12934 = -a*f - 2666. Is f prime?
False
Let v(d) = -2*d**3 - 18*d**2 + 39*d + 427. Is v(-16) a composite number?
True
Let l be ((-1)/1 + 0)/(13/(-182)). Let j = 14 - 21. Is 157*1*(j + l) composite?
True
Let s = 31021 - -22278. Is s a composite number?
False
Suppose 6 = -2*n, 5*q + n - 1694 = -n. Let o = q + -273. Is o a prime number?
True
Let d be (-9)/6 + (-39942)/12. Is -1 + -3 + 0 + (17 - d) a composite number?
False
Suppose -975986 - 1311733 = -9*j. Is j a prime number?
False
Let i = 205051 + -111372. Is i a composite number?
True
Let h = -59 - -139. Is (18860/h)/(2/8) a prime number?
False
Let g(k) = -20*k**2 - 2*k + 2. Let u be g(1). Let b = 27 + u. Suppose b*p - 8*p = -689. Is p a composite number?
True
Let p be -5317 + (3 - 4) + 4. Is 6/2 - (p + 0) composite?
True
Suppose 0 = -3*b + 3*w + 306, 2*b + 3*w - 204 = 2*w. Let d = -19 + b. Suppose 0 = -f - d + 472. Is f prime?
True
Suppose 3*x + 2*z = 10, -z + 12 = 4*x + 3*z. Suppose 1 + 1 = h. Suppose 5*d + 1323 - 5680 = -x*b, 3*b = h*d - 1729. Is d a composite number?
True
Let a be -8860 - 3/(